{"id":131,"date":"2022-05-25T16:51:58","date_gmt":"2022-05-25T14:51:58","guid":{"rendered":"http:\/\/www.gaucherepublicaine2022.fr\/ga681501-ovh\/?page_id=131"},"modified":"2022-06-02T18:17:56","modified_gmt":"2022-06-02T16:17:56","slug":"les-candidats","status":"publish","type":"page","link":"https:\/\/www.gaucherepublicaine2022.fr\/index.php\/les-candidats\/","title":{"rendered":"Les candidats"},"content":{"rendered":"\t\t<div data-elementor-type=\"wp-page\" data-elementor-id=\"131\" class=\"elementor elementor-131\">\n\t\t\t\t\t\t\t\t\t<section data-particle_enable=\"false\" data-particle-mobile-disabled=\"false\" class=\"elementor-section elementor-top-section elementor-element elementor-element-357d6a8 elementor-section-boxed elementor-section-height-default elementor-section-height-default\" data-id=\"357d6a8\" data-element_type=\"section\">\n\t\t\t\t\t\t<div class=\"elementor-container elementor-column-gap-default\">\n\t\t\t\t\t<div class=\"elementor-column elementor-col-100 elementor-top-column elementor-element elementor-element-d736a3f\" data-id=\"d736a3f\" data-element_type=\"column\">\n\t\t\t<div class=\"elementor-widget-wrap elementor-element-populated\">\n\t\t\t\t\t\t\t\t<div class=\"elementor-element elementor-element-4dfa3c4 elementor-widget elementor-widget-text-editor\" data-id=\"4dfa3c4\" data-element_type=\"widget\" data-widget_type=\"text-editor.default\">\n\t\t\t\t<div class=\"elementor-widget-container\">\n\t\t\t<style>\/*! elementor - v3.6.5 - 27-04-2022 *\/\n.elementor-widget-text-editor.elementor-drop-cap-view-stacked .elementor-drop-cap{background-color:#818a91;color:#fff}.elementor-widget-text-editor.elementor-drop-cap-view-framed .elementor-drop-cap{color:#818a91;border:3px solid;background-color:transparent}.elementor-widget-text-editor:not(.elementor-drop-cap-view-default) .elementor-drop-cap{margin-top:8px}.elementor-widget-text-editor:not(.elementor-drop-cap-view-default) .elementor-drop-cap-letter{width:1em;height:1em}.elementor-widget-text-editor .elementor-drop-cap{float:left;text-align:center;line-height:1;font-size:50px}.elementor-widget-text-editor .elementor-drop-cap-letter{display:inline-block}<\/style>\t\t\t\t<p>Les candidats de la F\u00e9d\u00e9ration de la Gauche R\u00e9publicaine<\/p>\t\t\t\t\t\t<\/div>\n\t\t\t\t<\/div>\n\t\t\t\t<div class=\"elementor-element elementor-element-b8b778c elementor-widget elementor-widget-image\" data-id=\"b8b778c\" data-element_type=\"widget\" data-widget_type=\"image.default\">\n\t\t\t\t<div class=\"elementor-widget-container\">\n\t\t\t<style>\/*! elementor - v3.6.5 - 27-04-2022 *\/\n.elementor-widget-image{text-align:center}.elementor-widget-image a{display:inline-block}.elementor-widget-image a img[src$=\".svg\"]{width:48px}.elementor-widget-image img{vertical-align:middle;display:inline-block}<\/style>\t\t\t\t\t\t\t\t\t\t\t\t<img loading=\"lazy\" decoding=\"async\" width=\"640\" height=\"904\" src=\"https:\/\/www.gaucherepublicaine2022.fr\/wp-content\/uploads\/2022\/06\/communique_candidats_FGR_01-06-2022_page-0002-725x1024.jpg\" class=\"attachment-large size-large\" alt=\"\" srcset=\"https:\/\/www.gaucherepublicaine2022.fr\/wp-content\/uploads\/2022\/06\/communique_candidats_FGR_01-06-2022_page-0002-725x1024.jpg 725w, https:\/\/www.gaucherepublicaine2022.fr\/wp-content\/uploads\/2022\/06\/communique_candidats_FGR_01-06-2022_page-0002-212x300.jpg 212w, https:\/\/www.gaucherepublicaine2022.fr\/wp-content\/uploads\/2022\/06\/communique_candidats_FGR_01-06-2022_page-0002-768x1085.jpg 768w, https:\/\/www.gaucherepublicaine2022.fr\/wp-content\/uploads\/2022\/06\/communique_candidats_FGR_01-06-2022_page-0002-1087x1536.jpg 1087w, https:\/\/www.gaucherepublicaine2022.fr\/wp-content\/uploads\/2022\/06\/communique_candidats_FGR_01-06-2022_page-0002.jpg 1241w\" sizes=\"auto, (max-width: 34.9rem) calc(100vw - 2rem), (max-width: 53rem) calc(8 * (100vw \/ 12)), (min-width: 53rem) calc(6 * (100vw \/ 12)), 100vw\" \/>\t\t\t\t\t\t\t\t\t\t\t\t\t\t\t<\/div>\n\t\t\t\t<\/div>\n\t\t\t\t\t<\/div>\n\t\t<\/div>\n\t\t\t\t\t\t\t<\/div>\n\t\t<\/section>\n\t\t\t\t\t\t\t<\/div>\n\t\t","protected":false},"excerpt":{"rendered":"<p>Les candidats de la F\u00e9d\u00e9ration de la Gauche R\u00e9publicaine<\/p>\n","protected":false},"author":1,"featured_media":0,"parent":0,"menu_order":0,"comment_status":"closed","ping_status":"closed","template":"","meta":{"spay_email":"","footnotes":""},"class_list":["post-131","page","type-page","status-publish","hentry","entry"],"_links":{"self":[{"href":"https:\/\/www.gaucherepublicaine2022.fr\/index.php\/wp-json\/wp\/v2\/pages\/131","targetHints":{"allow":["GET"]}}],"collection":[{"href":"https:\/\/www.gaucherepublicaine2022.fr\/index.php\/wp-json\/wp\/v2\/pages"}],"about":[{"href":"https:\/\/www.gaucherepublicaine2022.fr\/index.php\/wp-json\/wp\/v2\/types\/page"}],"author":[{"embeddable":true,"href":"https:\/\/www.gaucherepublicaine2022.fr\/index.php\/wp-json\/wp\/v2\/users\/1"}],"replies":[{"embeddable":true,"href":"https:\/\/www.gaucherepublicaine2022.fr\/index.php\/wp-json\/wp\/v2\/comments?post=131"}],"version-history":[{"count":4,"href":"https:\/\/www.gaucherepublicaine2022.fr\/index.php\/wp-json\/wp\/v2\/pages\/131\/revisions"}],"predecessor-version":[{"id":264,"href":"https:\/\/www.gaucherepublicaine2022.fr\/index.php\/wp-json\/wp\/v2\/pages\/131\/revisions\/264"}],"wp:attachment":[{"href":"https:\/\/www.gaucherepublicaine2022.fr\/index.php\/wp-json\/wp\/v2\/media?parent=131"}],"curies":[{"name":"wp","href":"https:\/\/api.w.org\/{rel}","templated":true}]}}

<div data-elementor-type="wp-page" data-elementor-id="131" class="elementor elementor-131">
									<section data-particle_enable="false" data-particle-mobile-disabled="false" class="elementor-section elementor-top-section elementor-element elementor-element-357d6a8 elementor-section-boxed elementor-section-height-default elementor-section-height-default" data-id="357d6a8" data-element_type="section">
						<div class="elementor-container elementor-column-gap-default">
					<div class="elementor-column elementor-col-100 elementor-top-column elementor-element elementor-element-d736a3f" data-id="d736a3f" data-element_type="column">
			<div class="elementor-widget-wrap elementor-element-populated">
								<div class="elementor-element elementor-element-4dfa3c4 elementor-widget elementor-widget-text-editor" data-id="4dfa3c4" data-element_type="widget" data-widget_type="text-editor.default">
				<div class="elementor-widget-container">
			<style>/*! elementor - v3.6.5 - 27-04-2022 */
.elementor-widget-text-editor.elementor-drop-cap-view-stacked .elementor-drop-cap{background-color:#818a91;color:#fff}.elementor-widget-text-editor.elementor-drop-cap-view-framed .elementor-drop-cap{color:#818a91;border:3px solid;background-color:transparent}.elementor-widget-text-editor:not(.elementor-drop-cap-view-default) .elementor-drop-cap{margin-top:8px}.elementor-widget-text-editor:not(.elementor-drop-cap-view-default) .elementor-drop-cap-letter{width:1em;height:1em}.elementor-widget-text-editor .elementor-drop-cap{float:left;text-align:center;line-height:1;font-size:50px}.elementor-widget-text-editor .elementor-drop-cap-letter{display:inline-block}</style>				<p>Les candidats de la Fédération de la Gauche Républicaine</p>						</div>
				</div>
				<div class="elementor-element elementor-element-b8b778c elementor-widget elementor-widget-image" data-id="b8b778c" data-element_type="widget" data-widget_type="image.default">
				<div class="elementor-widget-container">
			<style>/*! elementor - v3.6.5 - 27-04-2022 */
.elementor-widget-image{text-align:center}.elementor-widget-image a{display:inline-block}.elementor-widget-image a img[src$=".svg"]{width:48px}.elementor-widget-image img{vertical-align:middle;display:inline-block}</style>												<img loading="lazy" decoding="async" width="640" height="904" src="https://www.gaucherepublicaine2022.fr/wp-content/uploads/2022/06/communique_candidats_FGR_01-06-2022_page-0002-725x1024.jpg" class="attachment-large size-large" alt="" srcset="https://www.gaucherepublicaine2022.fr/wp-content/uploads/2022/06/communique_candidats_FGR_01-06-2022_page-0002-725x1024.jpg 725w, https://www.gaucherepublicaine2022.fr/wp-content/uploads/2022/06/communique_candidats_FGR_01-06-2022_page-0002-212x300.jpg 212w, https://www.gaucherepublicaine2022.fr/wp-content/uploads/2022/06/communique_candidats_FGR_01-06-2022_page-0002-768x1085.jpg 768w, https://www.gaucherepublicaine2022.fr/wp-content/uploads/2022/06/communique_candidats_FGR_01-06-2022_page-0002-1087x1536.jpg 1087w, https://www.gaucherepublicaine2022.fr/wp-content/uploads/2022/06/communique_candidats_FGR_01-06-2022_page-0002.jpg 1241w" sizes="auto, (max-width: 34.9rem) calc(100vw - 2rem), (max-width: 53rem) calc(8 * (100vw / 12)), (min-width: 53rem) calc(6 * (100vw / 12)), 100vw" />															</div>
				</div>
					</div>
		</div>
							</div>
		</section>
							</div>

<p>Les candidats de la Fédération de la Gauche Républicaine</p>
